{"id":458,"date":"2019-01-20T17:39:30","date_gmt":"2019-01-20T16:39:30","guid":{"rendered":"http:\/\/www.a3ce.org\/?page_id=458"},"modified":"2025-10-05T08:07:15","modified_gmt":"2025-10-05T06:07:15","slug":"a-laffiche","status":"publish","type":"page","link":"https:\/\/www.a3ce.org\/","title":{"rendered":"Actualit\u00e9s dans les Quartiers Prioritaires de la Ville"},"content":{"rendered":"\n<h2 class=\"wp-block-heading\"><strong>1er janvier 2025 : Amanda Bauriey rejoint le Conseil Citoyen<\/strong><\/h2>\n\n\n\n<h2 class=\"wp-block-heading\"><strong>Septembre 2024 : Antsa Rabenanahary, apr\u00e8s trois ans et demi de service aupr\u00e8s du Conseil Citoyen nous quitte pour de nouveaux horizons, voir la <a href=\"https:\/\/www.a3ce.org\/wp-content\/uploads\/2024_0927_A3CE_pot_d\u00e9part_Antsa_UHD_H264_10.mp4\">video<\/a> de l&rsquo;\u00e9v\u00e9nement<\/strong><\/h2>\n\n\n\n<h2 class=\"wp-block-heading\"><strong>15 juillet 2024 : programme des animations d&rsquo;\u00e9t\u00e9 dans les quartiers organis\u00e9e par le Conseil Citoyen avec les associations locales<\/strong><\/h2>\n\n\n\n<p><\/p>\n\n\n\n<p><\/p>\n\n\n\n<figure class=\"wp-block-image size-large\"><img loading=\"lazy\" decoding=\"async\" width=\"1024\" height=\"819\" src=\"https:\/\/www.a3ce.org\/wp-content\/uploads\/2024\/07\/AFFICHE-AQE-CONSEIL-CITOYEN-2024-1024x819.png\" alt=\"\" class=\"wp-image-2566\" srcset=\"https:\/\/www.a3ce.org\/wp-content\/uploads\/2024\/07\/AFFICHE-AQE-CONSEIL-CITOYEN-2024-1024x819.png 1024w, https:\/\/www.a3ce.org\/wp-content\/uploads\/2024\/07\/AFFICHE-AQE-CONSEIL-CITOYEN-2024-300x240.png 300w, https:\/\/www.a3ce.org\/wp-content\/uploads\/2024\/07\/AFFICHE-AQE-CONSEIL-CITOYEN-2024-768x614.png 768w, https:\/\/www.a3ce.org\/wp-content\/uploads\/2024\/07\/AFFICHE-AQE-CONSEIL-CITOYEN-2024-1536x1229.png 1536w, https:\/\/www.a3ce.org\/wp-content\/uploads\/2024\/07\/AFFICHE-AQE-CONSEIL-CITOYEN-2024.png 2000w\" sizes=\"auto, (max-width: 1024px) 100vw, 1024px\" \/><\/figure>\n\n\n\n<p><\/p>\n\n\n\n<p><strong>Avril 2024 &#8211; Le Conseil Citoyen publie son avis sur la participation citoyenne dans le cadre de l&rsquo;\u00e9laboration du contrat de ville 2024-2030 :<\/strong><\/p>\n\n\n\n<p><strong>participation des citoyens dans l\u2019\u00e9criture de l\u2019avenir de leur quartier<br>Avis du Conseil Citoyen de Corbeil\u2010Essonnes<br>Participation citoyenne<br>Enjeux et priorit\u00e9s du nouveau contrat de ville 2024\u20102030<br><a href=\"https:\/\/www.a3ce.org\/wp-content\/uploads\/2024\/07\/2043_0402_Avis_conseil_citoyen_participation_contrat-de-ville_2024-2030.pdf\">Version 2 avril 2024<\/a><\/strong><\/p>\n\n\n\n<p><strong>5 ao\u00fbt 2023 : notre animation Rive Droite parc Darblay se d\u00e9roule sous un ciel pluvieux, voir la <a href=\"https:\/\/www.a3ce.org\/wp-content\/uploads\/2023_0805_QE23_RD_H264_UHD_10.mp4\" target=\"_blank\" rel=\"noreferrer noopener\">video<\/a> de la journ\u00e9e<\/strong><\/p>\n\n\n\n<p><strong>Juin 2023 : d\u00e9couvrez le programme des animations d&rsquo;\u00e9t\u00e9 organis\u00e9es dans chacun des QPVs en juillet et ao\u00fbt<\/strong> <strong>par le Conseil Citoyen et les association<\/strong>s<strong> : <\/strong><\/p>\n\n\n\n<figure class=\"wp-block-image size-large\"><img loading=\"lazy\" decoding=\"async\" width=\"1024\" height=\"725\" src=\"https:\/\/www.a3ce.org\/wp-content\/uploads\/2023\/06\/AFFICHE-ANIMATION-ETE-2023-A3CE-1024x725.jpg\" alt=\"\" class=\"wp-image-2544\" srcset=\"https:\/\/www.a3ce.org\/wp-content\/uploads\/2023\/06\/AFFICHE-ANIMATION-ETE-2023-A3CE-1024x725.jpg 1024w, https:\/\/www.a3ce.org\/wp-content\/uploads\/2023\/06\/AFFICHE-ANIMATION-ETE-2023-A3CE-300x212.jpg 300w, https:\/\/www.a3ce.org\/wp-content\/uploads\/2023\/06\/AFFICHE-ANIMATION-ETE-2023-A3CE-768x543.jpg 768w, https:\/\/www.a3ce.org\/wp-content\/uploads\/2023\/06\/AFFICHE-ANIMATION-ETE-2023-A3CE-1536x1087.jpg 1536w, https:\/\/www.a3ce.org\/wp-content\/uploads\/2023\/06\/AFFICHE-ANIMATION-ETE-2023-A3CE.jpg 1754w\" sizes=\"auto, (max-width: 1024px) 100vw, 1024px\" \/><\/figure>\n\n\n\n<p><strong>15 Mai 2023, l&rsquo;association D\u00e9clic du Citoyen plants l&rsquo;<a rel=\"noreferrer noopener\" href=\"https:\/\/www.a3ce.org\/wp-content\/uploads\/video\/2023_0515_Arbre_Tarter\u00eats_D\u00e9clicduCitoyen_H264_UHD_8.mp4\" target=\"_blank\">arbre<\/a> au sein du parc Aim\u00e9 C\u00e9saire<\/strong><\/p>\n\n\n\n<p><strong>12 mai 2023, inauguration de la <\/strong><a href=\"https:\/\/www.a3ce.org\/wp-content\/uploads\/video\/2023-0512_a3ce_Boites\u00e0livres_UHD_H264_8.mp4\" target=\"_blank\" rel=\"noreferrer noopener\"><strong>boite \u00e0 livre<\/strong>s<\/a><strong> Rive Droite et des images de l&rsquo;inauguration des boites \u00e0 livres de La Nacelle avec l&rsquo;association \u00ab\u00a0La Maison de l&rsquo;Espoir\u00a0\u00bb<\/strong><\/p>\n\n\n\n<p><strong>25 janvier 2023, comment la commune de Corbeil-Essonnes d\u00e9veloppe l&rsquo;inclusion num\u00e9rique, consulter le <a rel=\"noreferrer noopener\" href=\"https:\/\/www.a3ce.org\/wp-content\/uploads\/2023\/01\/2023_0125_Support-de-presentation-25-01-23-Pass-numerique-autres-dispositifs-inclusion-numerique.pdf\" target=\"_blank\">programme<\/a> mis en place.<\/strong><\/p>\n\n\n\n<p><strong>14 d\u00e9cembre 2022, le conseil citoyen r\u00e9unit des associations travaillant dans les QPVs, les membres du Conseil Citoyen, les professionnels de la politique de la ville, des repr\u00e9sentants des bailleurs, en pr\u00e9sence de Mme la Pr\u00e9f\u00e8te D\u00e9l\u00e9gu\u00e9e \u00e0 l\u2019\u00c9galit\u00e9 des Chances. Les th\u00e8mes d\u00e9velopp\u00e9s sont : la <a rel=\"noopener\" href=\"https:\/\/www.a3ce.org\/wp-content\/uploads\/2022\/12\/2022_1214_Participation_Citoyenne.pdf\" target=\"_blank\">participation citoyenne<\/a>, les priorit\u00e9s des nouveaux contrats de ville en d\u00e9veloppement en 2023, les rapports <a rel=\"noopener\" href=\"https:\/\/www.a3ce.org\/wp-content\/uploads\/video\/2022_1214_video_policejusticepopulation_H264_HD_8_10.mp4\" target=\"_blank\">police justice population<\/a>, <a rel=\"noopener\" href=\"https:\/\/www.a3ce.org\/wp-content\/uploads\/video\/2022_1214_LMEF_H264_HD_8_10.mp4\" target=\"_blank\">l\u2019aide aux plus d\u00e9munis<\/a>, le travail fait par les <a rel=\"noopener\" href=\"https:\/\/www.a3ce.org\/wp-content\/uploads\/video\/2022_1214_soir\u00e9e_a3ce_diaporama_associations_H264_HD_8_10.mp4\" target=\"_blank\">associations<\/a> dans les QPVs. Voir la <a href=\"https:\/\/youtu.be\/3vrmpNbiTFs\">video<\/a> r\u00e9alis\u00e9e par Lattitude91<br><\/strong><\/p>\n\n\n\n<p><strong>13 d\u00e9cembre 2022, le Conseil Citoyen est pr\u00e9sent lors de la semaine nationale de la participation, voir sa <\/strong><a rel=\"noopener\" href=\"https:\/\/www.a3ce.org\/wp-content\/uploads\/2022\/12\/2022_1213_CORBEIL-ESSONNES_Creer-du-lien-Mobiliser-les-habitants.pdf\" target=\"_blank\"><strong>pr\u00e9sentation<\/strong><\/a><\/p>\n\n\n\n<p><strong>Samedi 24 novembre 2022 : L&rsquo;association \u00ab\u00a0Les Mains de l&rsquo;Espoir Fran\u00e7ais\u00a0\u00bb fait la <a href=\"https:\/\/www.a3ce.org\/wp-content\/uploads\/video\/2022_1126_f\u00eate_lmef_mda_H264_UHD_8_10.mp4\" target=\"_blank\" rel=\"noopener\">f\u00eate<\/a> \u00e0 la MDA<\/strong><\/p>\n\n\n\n<p><strong>15 septembre 2022 : le Conseil Citoyen r\u00e9unit ses 24 membres, 12 nouveaux et 12 anciens, apr\u00e8s le renouvellement du 30 juin 2022<\/strong><\/p>\n\n\n\n<p><strong>Juin 2022 : lire le rapport Montaigne : <a href=\"https:\/\/www.a3ce.org\/wp-content\/uploads\/2022\/06\/lavenir-se-joue-dans-les-quartiers-pauvres-resume-o.pdf\" target=\"_blank\" rel=\"noopener\">l&rsquo;avenir se joue dans les quartiers pauvres<\/a> (r\u00e9sum\u00e9)<\/strong><\/p>\n\n\n\n<p><strong>Mai 2022 : le Conseil Citoyen renouvelle partiellement ses membres par tirage au sort 30 juin 2022, 17:30H en mairie<br><\/strong><\/p>\n\n\n\n<p><strong>13 mai 2022 : Conseil Citoyen, Mapvie vous invitent \u00e0 \u00e9changer sur les <a href=\"https:\/\/www.a3ce.org\/wp-content\/uploads\/2022\/05\/2022_0513_policejusticepopulation_Nacelle.jpg\" target=\"_blank\" rel=\"noopener\">relations Police\/Justice\/Population<\/a>, 3 rue Alphonse Beranger de 14H \u00e0 17H<\/strong><\/p>\n\n\n\n<p><strong>Enqu\u00eate publique pr\u00e9alable \u00e0 la mise en \u0153uvre projet de renouvellement urbain, dans le quartier des Tarter\u00eats \u00e0. Corbeil-Essonnes. Consulter les documents de l&rsquo;enqu\u00eate dans notre rubrique \u00ab\u00a0Nos Actions, NPNRU Tarter\u00eats. Lire l&rsquo;<a href=\"https:\/\/www.a3ce.org\/wp-content\/uploads\/2022\/04\/2022_0429_A_destination_de_Monsieur_le_Commissaire.pdf\" target=\"_blank\" rel=\"noopener\">avis<\/a> du Conseil Citoyen en date du 29 avril 2022<\/strong><\/p>\n\n\n\n<p><strong>Le 15 d\u00e9cembre 2021, le conseil municipal de la commune approuve la convention pluriannuelle de projet de renouvellement urbain du quartier des Tarter\u00eats. Lire la <a href=\"https:\/\/www.a3ce.org\/wp-content\/uploads\/2021\/12\/20211215-Deliberation-Convention-NPNRU.pdf\" target=\"_blank\" rel=\"noopener\">d\u00e9lib\u00e9ration.&nbsp;<\/a><\/strong><strong>Le 16 novembre publie un <a href=\"https:\/\/www.a3ce.org\/wp-content\/uploads\/2021\/12\/20211109_Point-concertation-NPNRU.pdf\" target=\"_blank\" rel=\"noopener\">avis<\/a> sur la participation citoyenne au NPNRU.<\/strong><\/p>\n\n\n\n<p><strong>Le 2 d\u00e9cembre 2021, A3CE anime 2 ateliers lors de la journ\u00e9e nationale des Conseils Citoyens sur le th\u00e8me \u00ab\u00a0<a href=\"https:\/\/www.a3ce.org\/wp-content\/uploads\/2021\/12\/CORBEIL-ESSONNES_Mobilisation-habitants-V3.pdf\" target=\"_blank\" rel=\"noopener\">Mobilisation et Participation des habitants<\/a>\u00ab\u00a0<\/strong><\/p>\n\n\n\n<p><strong>15 novembre 2021 : 11 adultes relais et animateurs associatifs re\u00e7oivent une formation pr\u00e9venir et g\u00e9rer les situations conflictuelles, formation assur\u00e9e par une avocate sp\u00e9cialis\u00e9e M\u00e9diatrice asserment\u00e9e pr\u00e8s la Cour d\u2019Appel de Paris<\/strong>, <strong>micro-projet du Conseil Citoyen. Lire le <a href=\"https:\/\/www.a3ce.org\/wp-content\/uploads\/2021\/12\/bilan-micro-projet-formation-conflits.pdf\" target=\"_blank\" rel=\"noreferrer noopener\">bilan<\/a><\/strong><\/p>\n\n\n\n<p><strong>Octobre &amp; Novembre 2021 : 60 jeunes des QPVs form\u00e9s \u00e0 la Pr\u00e9vention Secourisme premiers secours dans le cadre du programme \u00ab&nbsp;Cit\u00e9 Educative&nbsp;\u00bb par le Conseil Citoyen<\/strong><\/p>\n\n\n\n\n\n\n\n\n\n<p><strong>Depuis le 1er mars 2021, les jeunes 18-25 ans en insertion demandeurs d\u2019emploi r\u00e9sidant en Quartier prioritaire de la ville (QPV) peuvent b\u00e9n\u00e9ficier pour l&rsquo;obtention du permis de conduire d&rsquo;une <a rel=\"noreferrer noopener\" href=\"https:\/\/www.a3ce.org\/wp-content\/uploads\/2021\/03\/FLYER-Aide-au-permis-de-conduire-pour-les-jeunes-en-insertion.pdf\" target=\"_blank\">aide<\/a> d&rsquo;un montant maximum de 1300\u20ac. Le d\u00e9p\u00f4t de la demande d\u2019aide aupr\u00e8s de la R\u00e9gion se fait via la plateforme<\/strong> <a rel=\"noreferrer noopener\" href=\"https:\/\/www.iledefrance.fr\/aide-au-permis-de-conduire-pour-jeunes-en-insertion\" target=\"_blank\">https:\/\/www.iledefrance.fr\/aide-au-permis-de-conduire-pour-jeunes-en-insertionfrance.fr<\/a><strong>20 f\u00e9vrier 2020, Le Conseil Citoyen tient son Assembl\u00e9e G\u00e9n\u00e9rale. Le bureau est constitu\u00e9 de Abdoulaye Travor\u00e9, Karima Seddiki, Jeanine Mathey, Mohamed Zouaoui, Fran\u00e7ois Senou, Pierre Michel<\/strong><\/p>\n\n\n\n<p><strong>29 janvier &#8211; <a rel=\"noreferrer noopener\" href=\"https:\/\/acteurs.lagrandeequipe.fr\/ng\/app\/filebank\/31\/documents\/3159\" data-type=\"URL\" data-id=\"https:\/\/acteurs.lagrandeequipe.fr\/ng\/app\/filebank\/31\/documents\/3159\" target=\"_blank\">annonce<\/a> gouvernementale de nouvelles mesures en faveur des 1514 QPV<\/strong><\/p>\n\n\n\n<p><strong>La <a rel=\"noreferrer noopener\" href=\"https:\/\/www.a3ce.org\/wp-content\/uploads\/2021\/01\/Affiche-MDA-2021.pdf\" target=\"_blank\">Maison des Adolescents de l\u2019Essonne<\/a> est heureuse de vous annoncer&nbsp;l\u2019ouverture d\u2019un temps de permanence au Centre Municipal de Sant\u00e9 de Corbeil-Essonnes, 18 rue du G\u00e9n\u00e9ral Leclerc, \u00e0 compter du 27 janvier 2021.<\/strong><\/p>\n\n\n\n<p><strong>Novembre 2020 : <a rel=\"noreferrer noopener\" href=\"https:\/\/www.a3ce.org\/wp-content\/uploads\/2020\/11\/20201109-courrier-et-pj-axe-rive-droite.pdf\" target=\"_blank\">courrier<\/a> au maire, pr\u00e9sident du d\u00e9partement et pr\u00e9sident de l&rsquo;agglo demandant une action concert\u00e9e face au danger sur l&rsquo;axe rive droite en QPV de Corbeil-Essonnes<\/strong><\/p>\n\n\n\n<p><strong>6 d\u00e9cembre 2019 : suite aux rencontres avec les habitants et institutions, le Conseil Citoyen fait la <a rel=\"noreferrer noopener\" href=\"https:\/\/www.a3ce.org\/wp-content\/uploads\/2019\/12\/20191206-Rencontre-avec-les-habitants-lettre-et-synth\u00e8se.pdf\" target=\"_blank\">synth\u00e8se<\/a> et le retour vers les habitants<\/strong><\/p>\n\n\n\n<p><strong><strong>septembre 2020 &#8211; Cit\u00e9 \u00e9ducative : le projet pr\u00e9sent\u00e9 par le conseil Citoyen de formation de 60 jeunes \u00e0 la Pr\u00e9vention et Secours Civiques de niveau 1 en partenariat avec la Croix-Rouge a \u00e9t\u00e9 retenu<\/strong><\/strong><\/p>\n\n\n\n<div class=\"wp-block-columns are-vertically-aligned-top is-layout-flex wp-container-core-columns-is-layout-9d6595d7 wp-block-columns-is-layout-flex\">\n<div class=\"wp-block-column is-vertically-aligned-top is-layout-flow wp-block-column-is-layout-flow\" style=\"flex-basis:100%\">\n<div class=\"wp-block-group\"><div class=\"wp-block-group__inner-container is-layout-flow wp-block-group-is-layout-flow\"><\/div><\/div>\n<\/div>\n<\/div>\n\n\n\n<p><\/p>\n","protected":false},"excerpt":{"rendered":"<p>1er janvier 2025 : Amanda Bauriey rejoint le Conseil Citoyen Septembre 2024 : Antsa Rabenanahary, apr\u00e8s trois ans et demi de service aupr\u00e8s du Conseil Citoyen nous quitte pour de nouveaux horizons, voir la video de l&rsquo;\u00e9v\u00e9nement 15 juillet 2024 : programme des animations d&rsquo;\u00e9t\u00e9 dans les quartiers organis\u00e9e par le Conseil Citoyen avec les<br \/><a href=\"https:\/\/www.a3ce.org\/\" class=\"more\">Lire la suite<\/a><\/p>\n","protected":false},"author":1,"featured_media":0,"parent":0,"menu_order":0,"comment_status":"closed","ping_status":"closed","template":"","meta":{"ngg_post_thumbnail":0,"footnotes":""},"class_list":["post-458","page","type-page","status-publish","hentry"],"_links":{"self":[{"href":"https:\/\/www.a3ce.org\/index.php\/wp-json\/wp\/v2\/pages\/458","targetHints":{"allow":["GET"]}}],"collection":[{"href":"https:\/\/www.a3ce.org\/index.php\/wp-json\/wp\/v2\/pages"}],"about":[{"href":"https:\/\/www.a3ce.org\/index.php\/wp-json\/wp\/v2\/types\/page"}],"author":[{"embeddable":true,"href":"https:\/\/www.a3ce.org\/index.php\/wp-json\/wp\/v2\/users\/1"}],"replies":[{"embeddable":true,"href":"https:\/\/www.a3ce.org\/index.php\/wp-json\/wp\/v2\/comments?post=458"}],"version-history":[{"count":379,"href":"https:\/\/www.a3ce.org\/index.php\/wp-json\/wp\/v2\/pages\/458\/revisions"}],"predecessor-version":[{"id":2593,"href":"https:\/\/www.a3ce.org\/index.php\/wp-json\/wp\/v2\/pages\/458\/revisions\/2593"}],"wp:attachment":[{"href":"https:\/\/www.a3ce.org\/index.php\/wp-json\/wp\/v2\/media?parent=458"}],"curies":[{"name":"wp","href":"https:\/\/api.w.org\/{rel}","templated":true}]}}